What is the highest common divisor of x and t?
17
Let o = 1845 + -1765. Let s(x) = -x**3 + 8*x**2 + 31*x - 22. Let y be s(10). Calculate the highest common factor of y and o.
8
Let y be ((-1074)/(-15)*-3)/((-51)/595). What is the greatest common factor of 7 and y?
7
Let d = -12725 + 12742. Calculate the highest common divisor of 2771 and d.
17
Suppose -5*f + 3*a = -2050, -1640 = 119*f - 123*f + 4*a. What is the highest common factor of f and 10?
10
Let c(p) = p**3 + 3*p**2 - p + 5. Let d be c(-4). Let o be (64/(-3))/(d - 171/(-27)). What is the greatest common divisor of 288 and o?
32
Let y(f) = -4*f - 7. Let s be y(-2). Let r(h) = 9*h + 2. Let p be r(s). Let j = 97 - 53. Calculate the highest common factor of p and j.
11
Let n(t) = 10*t - 2. Let a be n(2). Let v = 18 - a. Suppose 4*p + 4 + 8 = v, 3*p + 15 = 2*w. Calculate the highest common divisor of w and 1.
1
Suppose -16729*l = -16721*l - 240551 + 74663. Calculate the greatest common divisor of l and 24.
24
Suppose -5*a + 9*h - 10*h + 966 = 0, h = -2*a + 390. Calculate the greatest common factor of a and 312.
24
Let d be (-9 + (-624)/(-32))*(4 + 0). What is the highest common factor of d and 20055?
21
Suppose 4*v = -4*u + 36, 0 = -u - 0 + 5. Suppose -4*m + 55 = 5*d, v*m + d + 0*d = 59. Calculate the greatest common divisor of 25 and m.
5
Suppose 3*g + 23*g - 2700 = 14*g. Calculate the greatest common divisor of 36 and g.
9
Let l be (4/(-6))/(203/63 + -3). Let z be (-30)/l*(3 + 1/(-2)). Let o = 68 - z. What is the greatest common factor of o and 387?
43
Suppose 5*s + 144 + 651 = 0. Let t = s - -75. Let p = t - -154. What is the highest common factor of p and 28?
14
Suppose -6 = -6*d + 12. Let q be 2/d*2*(-12)/(-8). Let u be 2 + q + -1 - -17. What is the highest common divisor of u and 8?
4
Suppose 12*l + 17*l - 377 = 0. Let u(y) = 21*y + 64. Let g be u(5). Calculate the highest common factor of l and g.
13
Suppose 85*m - 232*m - 445981 = -1290643. Calculate the greatest common factor of 845 and m.
169
Let y(d) = -6*d + 73. Let r be y(13). Let t be (345 - (-6 + 3)) + r. Calculate the greatest common factor of 7 and t.
7
Suppose -5*j = -2*j - 108. Suppose -u - j = -5*u. Suppose 782 = u*s - 136. What is the greatest common factor of 68 and s?
34
Let t = -624 + 424. Let g = t - -204. What is the highest common factor of g and 2?
2
Let v be 2/5*200/5. Calculate the greatest common factor of 16 and v.
16
Let r(w) = -w**3 + 4*w**2 - 5*w - 8. Let l be r(6). Let b = l + 236. Let f be 89/5 + (-3)/(-15). Calculate the greatest common divisor of f and b.
18
Let n = -16206 - -38486. Calculate the highest common factor of n and 40.
40
Let f(h) = -12*h**2 - 9*h - 31. Let a(q) = 5*q**2 + 5*q + 15. Let i(z) = -7*a(z) - 3*f(z). Let j be i(-2). What is the greatest common divisor of 24 and j?
8
Suppose 182 = 27*w - 141 + 26. Calculate the highest common factor of 4796 and w.
11
Let m(o) = -10*o**3 + o**2 - 4*o - 5. Let h be (-1)/(-2 - (-6)/2). Let n be m(h). Calculate the highest common factor of 90 and n.
10
Let h = -128 + 244. Let f(v) = -6*v + 58. Let u be f(9). What is the greatest common divisor of u and h?
4
Let s = -4 - -4. Let p(a) = -2*a**2 - a + 42. Let u be p(s). Suppose 195 = f + 5*k, -k + 207 = -f + 2*f. What is the greatest common factor of u and f?
42
Let b = 18544 - 18373. Calculate the highest common divisor of 1683 and b.
9
Let z(y) = y**2 - 6*y + 45. Let j(n) = n - 28. Let x be j(39). Let v be z(x). Calculate the greatest common divisor of 50 and v.
50
Let g(v) = v**3 + 9*v**2 - 6*v + 11. Let k be g(-9). Let a = -234 - -347. Let p = a - 108. Calculate the highest common divisor of p and k.
5
Let x(u) = 48*u - 3291. Let n be x(86). Let s be (-189)/(-7) + 0/(-2). What is the greatest common factor of s and n?
27
Let d(i) = -21*i + 21. Let p be d(-7). Calculate the greatest common factor of p and 56.
56
Let c(w) = 9*w + 266. Let p be c(-29). Suppose 5*i - 951 - 207 = -f, -f - 1162 = -p*i. What is the highest common divisor of 16 and i?
8
Suppose 2*p + 3*n - 261 = 0, -4*p - 3*n = 2*n - 527. Suppose 3*f = -w + 232 - 91, -p = -3*f - 2*w. What is the highest common factor of 132 and f?
12
Suppose -296*u - 1043*u + 34722 = -53*u. Let n = 74 + -29. What is the highest common divisor of u and n?
9
Suppose 20*y - 10*y - 6400 = 0. Suppose -111*x = -135*x + 768. Calculate the greatest common factor of y and x.
32
Let f(l) = 54*l**3 + 4*l**2 + 39*l - 101. Let n be f(3). What is the greatest common factor of 40 and n?
10
Suppose -x - 5 - 29 = -5*v, 3*x - 10 = -v. Let a(h) = -h**2 - h + 5. Let y be a(0). Suppose -55 = y*i - 195. Calculate the greatest common factor of i and v.
7
Let z(r) = -2*r**3 - 22*r**2 + 22*r + 72. Let u be z(-18). Suppose -11*x + u = 7*x. Calculate the highest common divisor of 26 and x.
26
Suppose t = 4*t + 15, -5*k - t = -875. Suppose j + k + 201 = 3*d, -j + 615 = 5*d. Calculate the highest common divisor of d and 341.
31
Let x = 4 - -38. Suppose -x = -5*s + 3*s. Calculate the greatest common divisor of 12 and s.
3
Let l(d) = -d**2 - 14*d - 22. Let y = 38 - 50. Let v be l(y). Suppose v*i - 7*i + 145 = 0. Calculate the greatest common divisor of i and 261.
29
Let f = 54 - 37. Calculate the greatest common divisor of f and 153.
17
Let f be ((-406)/2)/(-13 - -12). What is the highest common divisor of 116 and f?
29
Let k(l) = -l**2 - 5*l + 4. Let y be k(-5). Suppose -3*o - y*m = 100, -o - 2*o + 2*m = 130. Let p = -32 - o. Calculate the greatest common factor of 16 and p.
8
Let b(x) = -570*x - 1615. Let h be b(-4). What is the highest common factor of 760 and h?
95
Let v(l) = 51*l - 282. Let a be v(7). Suppose u - 75 = -4*u. Calculate the greatest common divisor of u and a.
15
Let h(c) = 2*c**3 + 12*c**2 + 7*c - 11. Let o be h(-5). Let s be (1/o)/(8/192). Calculate the greatest common divisor of 69 and s.
3
Suppose 0 = 3*c + c. Suppose -4*j = 3*b - b - 2, c = j. Suppose 3*o = -o + 2*p + 36, 5*p = -20. What is the greatest common divisor of o and b?
1
Let f = -20 - -25. Let b = 64 - 48. Suppose -b = -8*o - 0. What is the greatest common divisor of f and o?
1
Suppose 2*a - 984 = 2*d, 5*a + 5886 = -5*d + 8296. What is the greatest common factor of a and 1?
1
Let z(r) = 94*r + 1417. Let i be z(-15). Calculate the greatest common divisor of i and 118.
1
Let b = -27 + 50. Suppose -b*x + 159 = -324. Calculate the greatest common factor of 56 and x.
7
Let q(b) = -1314*b + 404. Let r be q(-2). Calculate the greatest common factor of 72 and r.
8
Let a be 42/(-7) - -300 - 2. Let z = a + -284. What is the highest common factor of 4 and z?
4
Let q(s) = 3*s - 9 - 9*s**2 - 6*s - 2*s**3 + 10*s**2 - 11*s**2. Let i be q(-7). Calculate the highest common factor of 32 and i.
16
Suppose -60*g = 79427 - 231887. What is the greatest common divisor of 121 and g?
121
Let z be (-1318)/(-6) - 38/(-114). Suppose 4*u = -h - 164, -u - 2*h + 3*h = 36. Let m = u - -60. Calculate the greatest common factor of z and m.
20
Suppose 0 = -4*h + l + 8121, -h - 2*l = -3*l - 2031. Suppose -22*m + h = 7*m. Calculate the greatest common factor of m and 28.
14
Let h(j) = -56*j + 562. Let o be h(10). What is the greatest common divisor of 622 and o?
2
Let g(j) be the third derivative of j**5/60 + 5*j**4/24 + 2*j**3 + 43*j**2 + j. Let l be g(-5). What is the greatest common factor of l and 228?
12
Let v be -29 - -16 - -3557 - 16. What is the greatest common factor of 18 and v?
18
Suppose 0 = -24*t + 21*t - 52*t + 245245. Calculate the highest common divisor of 13 and t.
13
Let v be (278/10 + 1)/(6/40). Suppose 33*s - v = 25*s. What is the greatest common factor of s and 264?
24
Suppose 6*d - 576 = -2*d. Suppose -386 = -h - 48*z + 50*z, 4*h + 5*z - 1531 = 0. Calculate the highest common factor of d and h.
24
Let n be 33 + ((-4 - -5) + -7)/(-2). Suppose -9*j + 11*j = -h + 32, n = h - 2*j. What is the highest common divisor of h and 51?
17
Let m = 22113 + -7951. What is the highest common divisor of 292 and m?
146
Let x(o) = 66*o**2 - 2*o + 1. Let j be x(1). Let c = 92 - 28. Let u = -51 + c. Calculate the greatest common divisor of u and j.
13
Suppose 2*a = -2*a - 4*r + 2692, 5*a + r - 3357 = 0. Let b = a - 597. Calculate the highest common divisor of b and 259.
37
Let f = -19810 - -19870. Calculate the greatest common divisor o